est common divisor of 65 and 156?
13
What is the greatest common factor of 7905 and 60?
15
What is the greatest common divisor of 72 and 972?
36
What is the greatest common factor of 1474 and 99?
11
What is the highest common divisor of 50 and 950?
50
Calculate the highest common factor of 567 and 189.
189
Calculate the highest common factor of 178 and 5518.
178
Calculate the highest common factor of 16318 and 164.
82
What is the greatest common divisor of 92 and 46?
46
What is the greatest common divisor of 230 and 30?
10
What is the greatest common factor of 2570 and 20?
10
Calculate the highest common divisor of 56 and 861.
7
What is the highest common divisor of 23856 and 192?
48
What is the highest common factor of 26 and 364?
26
Calculate the highest common divisor of 41 and 205.
41
Calculate the greatest common factor of 105 and 135.
15
What is the highest common divisor of 330 and 5115?
165
Calculate the highest common divisor of 198 and 18.
18
What is the highest common factor of 280 and 448?
56
What is the highest common factor of 63 and 1791?
9
Calculate the greatest common divisor of 120 and 1065.
15
Calculate the greatest common divisor of 141 and 2632.
47
What is the greatest common factor of 1125 and 27?
9
Calculate the highest common divisor of 325 and 25.
25
Calculate the greatest common factor of 2 and 97.
1
Calculate the highest common factor of 736 and 23.
23
Calculate the greatest common divisor of 1196 and 52.
52
What is the highest common divisor of 121 and 737?
11
Calculate the highest common divisor of 153 and 51.
51
What is the highest common factor of 207 and 690?
69
Calculate the highest common factor of 11 and 12936.
11
Calculate the highest common factor of 43 and 4859.
43
What is the highest common factor of 2409 and 22?
11
What is the greatest common divisor of 247 and 57?
19
What is the greatest common divisor of 10 and 2?
2
Calculate the highest common factor of 472 and 59.
59
What is the greatest common factor of 100 and 152?
4
Calculate the greatest common divisor of 297 and 675.
27
What is the greatest common factor of 6566 and 2?
2
What is the greatest common divisor of 1610 and 35?
35
What is the highest common divisor of 53 and 1?
1
Calculate the highest common factor of 3139 and 215.
43
What is the highest common factor of 390 and 90?
30
Calculate the highest common factor of 31 and 5363.
31
Calculate the highest common factor of 125 and 3375.
125
What is the highest common divisor of 22020 and 45?
15
What is the greatest common divisor of 48 and 264?
24
What is the greatest common divisor of 12 and 1689?
3
Calculate the greatest common factor of 256 and 2544.
16
Calculate the greatest common factor of 120 and 3996.
12
Calculate the greatest common divisor of 176 and 1760.
176
Calculate the greatest common factor of 55 and 121.
11
Calculate the greatest common divisor of 1116 and 403.
31
What is the greatest common divisor of 252 and 3402?
126
Calculate the highest common factor of 3 and 27.
3
What is the highest common factor of 25 and 785?
5
What is the highest common factor of 131 and 43361?
131
What is the greatest common factor of 55 and 341?
11
What is the greatest common factor of 60 and 564?
12
What is the highest common divisor of 30 and 330?
30
Calculate the greatest common divisor of 168 and 1032.
24
Calculate the greatest common factor of 2480 and 80.
80
What is the greatest common factor of 16 and 312?
8
Calculate the greatest common factor of 1600 and 50.
50
What is the highest common divisor of 11 and 111320?
11
Calculate the highest common factor of 9 and 267.
3
Calculate the greatest common divisor of 3107 and 13.
13
Calculate the greatest common divisor of 25807 and 197.
197
What is the greatest common divisor of 24 and 36?
12
What is the highest common divisor of 280 and 392?
56
What is the greatest common factor of 1920 and 60?
60
What is the highest common divisor of 20766 and 6?
6
Calculate the greatest common factor of 6834 and 67.
67
Calculate the highest common factor of 21 and 336.
21
What is the greatest common divisor of 200 and 490?
10
Calculate the highest common factor of 13 and 3809.
13
Calculate the greatest common factor of 58 and 87.
29
What is the greatest common factor of 41 and 41?
41
Calculate the greatest common factor of 64 and 52.
4
Calculate the highest common factor of 45 and 415.
5
Calculate the greatest common divisor of 340 and 20.
20
Calculate the greatest common factor of 1134 and 483.
21
Calculate the greatest common factor of 3 and 111.
3
What is the greatest common factor of 4 and 64?
4
Calculate the highest common factor of 96 and 864.
96
Calculate the greatest common factor of 2 and 62.
2
Calculate the highest common factor of 451 and 253.
11
What is the greatest common divisor of 31770 and 15?
15
What is the highest common factor of 1015 and 35?
35
What is the highest common divisor of 372 and 28830?
186
What is the highest common factor of 6477 and 255?
51
What is the highest common factor of 12259 and 69?
23
What is the highest common factor of 731 and 34?
17
Calculate the greatest common divisor of 216 and 512.
8
What is the greatest common divisor of 803 and 219?
73
Calculate the greatest common factor of 2125 and 5.
5
What is the highest common factor of 27 and 27837?
27
What is the highest common factor of 220 and 55?
55
Calculate the greatest common divisor of 105 and 35.
35
What is the greatest common factor of 43 and 9374?
43
What is the greatest common divisor of 418 and 304?
38
What is the greatest common divisor of 4619 and 298?
149
What is the greatest common factor of 1384 and 168?
8
Calculate the greatest common factor of 36 and 1233.
9
Calculate the highest common factor of 2303 and 94.
47
What is the greatest common divisor of 170 and 42?
2
Calculate the greatest common divisor of 697 and 17.
17
Calculate the highest common factor of 2 and 118.
2
What is the greatest common divisor of 62 and 744?
62
Calculate the greatest common factor of 511 and 949.
73
What is the highest common divisor of 16298 and 116?
58
Calculate the greatest common factor of 860 and 20.
20
What is the greatest common factor of 670 and 402?
134
What is the greatest common divisor of 9 and 21?
3
Calculate the greatest common divisor of 470 and 846.
94
What is the greatest common divisor of 70 and 890?
10
What is the highest common divisor of 1025 and 41?
41
Calculate the greatest common divisor of 864 and 800.
32
What is the greatest common divisor of 8000 and 25?
25
What is the greatest common factor of 2405 and 5735?
185
What is the greatest common divisor of 7442 and 122?
122
What is the greatest common factor of 873 and 388?
97
Calculate the highest common divisor of 28 and 32452.
28
What is the greatest common factor of 414 and 2162?
46
What is the greatest common factor of 102 and 51?
51
What is the highest common factor of 1107 and 81?
27
Calculate the highest common divisor of 24 and 1296.
24
Calculate the greatest common divisor of 793 and 637.
13
Calculate the highest common divisor of 51156 and 147.
147
Calculate the highest common divisor of 134 and 6767.
67
Calculate the highest common factor of 11 and 91.
1
What is the highest common factor of 1311 and 759?
69
Calculate the highest common divisor of 4 and 964.
4
Calculate the greatest common factor of 2176 and 170.
34
Calculate the greatest common factor of 58 and 29.
29
What is the highest common factor of 3795 and 575?
115
What is the highest common divisor of 21 and 24423?
21
Calculate the highest common divisor of 355 and 4.
1
What is the greatest common divisor of 1343 and 272?
17
Calculate the highest common divisor of 260 and 60580.
260
What is the highest common divisor of 30 and 140?
10
Calculate the highest common factor of 40 and 15.
5
What is the greatest common factor of 8904 and 477?
159
What is the highest common divisor of 243 and 9?
9
Calculate the highest common divisor of 2660 and 35.
35
Calculate the highest common factor of 50 and 66.
2
What is the highest common divisor of 95226 and 354?
354
Calculate the highest common divisor of 8 and 516.
4
What is the greatest common divisor of 28 and 567?
7
What is the highest common divisor of 104 and 65?
13
What is the greatest co